 divisor of 5454253 and 60591?
1063
Calculate the highest common factor of 144 and 41881200.
48
Calculate the highest common divisor of 401723280 and 105.
105
What is the highest common divisor of 4147817 and 467443?
5917
Calculate the highest common divisor of 38165711 and 232.
29
Calculate the greatest common factor of 5313 and 19059249.
759
What is the highest common factor of 12 and 8634412?
4
What is the greatest common divisor of 333 and 660824181?
333
Calculate the greatest common factor of 2545352 and 23872.
2984
Calculate the highest common divisor of 6528 and 108418656.
1632
What is the greatest common factor of 9402 and 2238?
6
Calculate the highest common factor of 1094535 and 1095.
15
Calculate the greatest common factor of 54555564 and 84.
84
Calculate the greatest common factor of 54668 and 1253904.
692
What is the highest common factor of 223905 and 937365?
3795
Calculate the greatest common factor of 735098 and 16464.
98
What is the greatest common divisor of 575456 and 26656?
1568
Calculate the highest common factor of 490 and 22938615.
245
What is the greatest common factor of 2856 and 240440928?
2856
What is the highest common divisor of 609 and 1727527767?
609
Calculate the highest common divisor of 1854138 and 82.
2
What is the greatest common factor of 728 and 18288361?
91
What is the greatest common divisor of 4610 and 128165?
5
Calculate the highest common factor of 18569616 and 864.
48
What is the highest common factor of 60 and 96829170?
30
Calculate the greatest common factor of 8364 and 545631813.
2091
Calculate the highest common factor of 199 and 880372617.
199
Calculate the highest common divisor of 2308 and 111075962.
1154
What is the greatest common divisor of 1475 and 1783098?
59
What is the greatest common factor of 7168018 and 572?
286
Calculate the greatest common factor of 8406 and 3116291.
467
What is the greatest common divisor of 7590 and 106828491?
759
Calculate the greatest common factor of 1174098 and 2261501.
2477
What is the highest common divisor of 7285 and 5195011?
31
Calculate the highest common divisor of 137946 and 41334.
498
Calculate the highest common divisor of 975111900 and 700.
700
What is the highest common factor of 40 and 126915000?
40
Calculate the greatest common factor of 2580 and 6690370.
430
Calculate the highest common divisor of 4345 and 78760.
55
What is the highest common divisor of 95 and 53424010?
95
Calculate the highest common divisor of 324564 and 159729.
111
Calculate the greatest common factor of 747 and 1839197.
83
What is the highest common factor of 648180441 and 4041?
4041
Calculate the greatest common divisor of 53711707 and 7334.
193
What is the highest common factor of 74572 and 156022?
362
Calculate the highest common factor of 358903964 and 9872.
2468
Calculate the greatest common factor of 1942790 and 14186.
346
Calculate the greatest common divisor of 58982 and 3058286.
154
Calculate the highest common factor of 63 and 264923298.
9
Calculate the highest common factor of 2284 and 4820.
4
Calculate the highest common divisor of 113142 and 262254.
654
Calculate the highest common factor of 9 and 3122151.
3
Calculate the highest common factor of 1360 and 4569680.
80
Calculate the greatest common divisor of 1438 and 35531542.
1438
What is the greatest common factor of 284003417 and 2253?
751
What is the highest common divisor of 17446304 and 3472?
496
Calculate the greatest common factor of 192 and 51112488.
24
What is the greatest common divisor of 10332608 and 13?
13
Calculate the greatest common factor of 2024 and 6422548.
44
Calculate the greatest common factor of 1720 and 15462370.
430
What is the greatest common divisor of 3197136 and 369456?
2064
Calculate the greatest common factor of 1209313 and 119.
7
What is the highest common divisor of 120903 and 8818323?
633
Calculate the greatest common divisor of 5588 and 6457.
11
What is the greatest common divisor of 823045316 and 164?
164
Calculate the greatest common factor of 120 and 33321160.
40
Calculate the highest common factor of 344 and 915832.
8
What is the greatest common factor of 14053315 and 5?
5
What is the highest common divisor of 25198 and 445946?
586
What is the greatest common divisor of 36270 and 674973?
117
What is the highest common divisor of 40 and 812940?
20
What is the greatest common factor of 63475520 and 320?
320
What is the greatest common divisor of 4015522172 and 956?
956
What is the highest common factor of 1170825 and 31825?
1675
Calculate the greatest common divisor of 30 and 630900.
30
Calculate the highest common divisor of 53326 and 178269.
91
What is the highest common factor of 7056 and 154791?
441
What is the greatest common divisor of 126321 and 5815563?
1599
Calculate the highest common divisor of 1590759 and 843534.
3321
What is the greatest common divisor of 1287970 and 12765?
185
Calculate the highest common divisor of 17081615 and 5.
5
What is the highest common factor of 5036780 and 10280?
20
Calculate the highest common factor of 3956148 and 396.
36
What is the highest common divisor of 12755 and 7507593?
2551
Calculate the greatest common divisor of 43945678 and 166.
166
What is the greatest common factor of 33137550 and 1047?
1047
What is the highest common factor of 126 and 3863853?
63
Calculate the highest common factor of 84812 and 422968.
364
Calculate the greatest common divisor of 2697265731 and 183.
183
What is the highest common factor of 8806 and 241610?
74
Calculate the greatest common divisor of 8594856 and 252.
36
What is the greatest common factor of 16 and 6813536?
16
What is the highest common factor of 10849932 and 23607?
387
Calculate the highest common divisor of 25311 and 2124177.
1947
Calculate the greatest common divisor of 107540190 and 135.
135
What is the highest common factor of 3330 and 11231979?
111
What is the greatest common factor of 53250 and 288417975?
5325
Calculate the highest common factor of 69007 and 87287.
457
Calculate the greatest common factor of 210448 and 14224.
112
Calculate the highest common factor of 993048900 and 1880.
940
Calculate the greatest common divisor of 7896 and 7245144.
1128
Calculate the highest common factor of 266 and 6570382.
14
Calculate the greatest common divisor of 17186125 and 1276.
319
What is the greatest common divisor of 7130034 and 992124?
2286
Calculate the greatest common factor of 44023608 and 2196.
36
What is the highest common divisor of 29594823 and 5924?
1481
What is the greatest common factor of 729048 and 214230?
222
What is the greatest common factor of 2166 and 48379054?
722
Calculate the highest common divisor of 15885 and 74925.
45
Calculate the highest common divisor of 200 and 49210675.
25
What is the highest common divisor of 10287839 and 221?
17
Calculate the greatest common factor of 2578 and 36577953.
1289
What is the greatest common divisor of 1576 and 27425552?
1576
What is the highest common divisor of 1672 and 180990447?
209
What is the greatest common factor of 1140 and 1263804?
228
What is the greatest common divisor of 22865808 and 189?
21
What is the highest common divisor of 2055326 and 39771?
491
What is the highest common divisor of 50 and 75191450?
50
Calculate the highest common divisor of 159619509 and 63.
63
Calculate the highest common divisor of 18512 and 65166512.
1424
What is the highest common factor of 600 and 31552260?
60
What is the highest common divisor of 1654 and 3330674686?
1654
Calculate the greatest common factor of 209760 and 250809120.
9120
Calculate the highest common divisor of 48273855 and 735.
105
What is the highest common divisor of 44 and 24957691?
11
What is the highest common divisor of 59723500 and 3500?
500
What is the highest common divisor of 34081 and 218473?
197
What is the highest common divisor of 9453 and 251367?
69
Calculate the greatest common factor of 28940028 and 6.
6
Calculate the greatest common factor of 1475 and 12474547.
59
What is the highest common factor of 223 and 47280?
1
What is the highest common divisor of 36342 and 12258?
54
What is the greatest common factor of 4089 and 487954?
1363
What is the greatest common factor of 24578433 and 693?
99
What is the highest common factor of 74579 and 166813?
